{"version":"1.0","provider_name":"Marcos Abad Entrenador de Porteros","provider_url":"https:\/\/marcosabad.com\/en","author_name":"Marcos Abad","author_url":"https:\/\/marcosabad.com\/en\/author\/marcosabad\/","title":"Periodo de Formaci\u00f3n-Conference y B\u00fasqueda - Marcos Abad Entrenador de Porteros","type":"rich","width":600,"height":338,"html":"<blockquote class=\"wp-embedded-content\" data-secret=\"yyR19DvtBm\"><a href=\"https:\/\/marcosabad.com\/en\/periodo-formacion-conference-busqueda\/\">Training Period-Conference and Search<\/a><\/blockquote><iframe sandbox=\"allow-scripts\" security=\"restricted\" src=\"https:\/\/marcosabad.com\/en\/periodo-formacion-conference-busqueda\/embed\/#?secret=yyR19DvtBm\" width=\"600\" height=\"338\" title=\"&#8220;Periodo de Formaci\u00f3n-Conference y B\u00fasqueda&#8221; &#8212; Marcos Abad Entrenador de Porteros\" data-secret=\"yyR19DvtBm\" frameborder=\"0\" marginwidth=\"0\" marginheight=\"0\" scrolling=\"no\" class=\"wp-embedded-content\"><\/iframe><script>\n\/*! This file is auto-generated *\/\n!function(d,l){\"use strict\";l.querySelector&&d.addEventListener&&\"undefined\"!=typeof URL&&(d.wp=d.wp||{},d.wp.receiveEmbedMessage||(d.wp.receiveEmbedMessage=function(e){var t=e.data;if((t||t.secret||t.message||t.value)&&!\/[^a-zA-Z0-9]\/.test(t.secret)){for(var s,r,n,a=l.querySelectorAll('iframe[data-secret=\"'+t.secret+'\"]'),o=l.querySelectorAll('blockquote[data-secret=\"'+t.secret+'\"]'),c=new RegExp(\"^https?:$\",\"i\"),i=0;i<o.length;i++)o[i].style.display=\"none\";for(i=0;i<a.length;i++)s=a[i],e.source===s.contentWindow&&(s.removeAttribute(\"style\"),\"height\"===t.message?(1e3<(r=parseInt(t.value,10))?r=1e3:~~r<200&&(r=200),s.height=r):\"link\"===t.message&&(r=new URL(s.getAttribute(\"src\")),n=new URL(t.value),c.test(n.protocol))&&n.host===r.host&&l.activeElement===s&&(d.top.location.href=t.value))}},d.addEventListener(\"message\",d.wp.receiveEmbedMessage,!1),l.addEventListener(\"DOMContentLoaded\",function(){for(var e,t,s=l.querySelectorAll(\"iframe.wp-embedded-content\"),r=0;r<s.length;r++)(t=(e=s[r]).getAttribute(\"data-secret\"))||(t=Math.random().toString(36).substring(2,12),e.src+=\"#?secret=\"+t,e.setAttribute(\"data-secret\",t)),e.contentWindow.postMessage({message:\"ready\",secret:t},\"*\")},!1)))}(window,document);\n\/\/# sourceURL=https:\/\/marcosabad.com\/wp-includes\/js\/wp-embed.min.js\n<\/script>","thumbnail_url":"https:\/\/marcosabad.com\/wp-content\/uploads\/2017\/04\/Marcos-Abad-2017-001.jpg","thumbnail_width":1440,"thumbnail_height":1440,"description":"El periodo post Competici\u00f3n siempre sirve para la Formaci\u00f3n en todos los campos. Hemos tenido la suerte de realizar un intensivo con Javier Mart\u00ednez de Marigorta sobre \u00abLa Excelencia Personal\u00bb para utilizar las herramientas que permiten sacar el M\u00e1ximo Rendimiento Personal y Deportivo a nuestros Porteros. Asistiendo de nuevo al Congreso Internacional de Villarreal con [&hellip;]"}

Periodo de Formación-Conference y Búsqueda - Marcos Abad Entrenador de Porteros

<blockquote class="wp-embedded-content" data-secret="yyR19DvtBm"><a href="https://marcosabad.com/en/periodo-formacion-conference-busqueda/">Training Period-Conference and Search</a></blockquote><iframe sandbox="allow-scripts" security="restricted" src="https://marcosabad.com/en/periodo-formacion-conference-busqueda/embed/#?secret=yyR19DvtBm" width="600" height="338" title="&#8220;Periodo de Formación-Conference y Búsqueda&#8221; &#8212; Marcos Abad Entrenador de Porteros" data-secret="yyR19DvtBm" frameborder="0" marginwidth="0" marginheight="0" scrolling="no" class="wp-embedded-content"></iframe><script>
/*! This file is auto-generated */
!function(d,l){"use strict";l.querySelector&&d.addEventListener&&"undefined"!=typeof URL&&(d.wp=d.wp||{},d.wp.receiveEmbedMessage||(d.wp.receiveEmbedMessage=function(e){var t=e.data;if((t||t.secret||t.message||t.value)&&!/[^a-zA-Z0-9]/.test(t.secret)){for(var s,r,n,a=l.querySelectorAll('iframe[data-secret="'+t.secret+'"]'),o=l.querySelectorAll('blockquote[data-secret="'+t.secret+'"]'),c=new RegExp("^https?:$","i"),i=0;i<o.length;i++)o[i].style.display="none";for(i=0;i<a.length;i++)s=a[i],e.source===s.contentWindow&&(s.removeAttribute("style"),"height"===t.message?(1e3<(r=parseInt(t.value,10))?r=1e3:~~r<200&&(r=200),s.height=r):"link"===t.message&&(r=new URL(s.getAttribute("src")),n=new URL(t.value),c.test(n.protocol))&&n.host===r.host&&l.activeElement===s&&(d.top.location.href=t.value))}},d.addEventListener("message",d.wp.receiveEmbedMessage,!1),l.addEventListener("DOMContentLoaded",function(){for(var e,t,s=l.querySelectorAll("iframe.wp-embedded-content"),r=0;r<s.length;r++)(t=(e=s[r]).getAttribute("data-secret"))||(t=Math.random().toString(36).substring(2,12),e.src+="#?secret="+t,e.setAttribute("data-secret",t)),e.contentWindow.postMessage({message:"ready",secret:t},"*")},!1)))}(window,document);
//# sourceURL=https://marcosabad.com/wp-includes/js/wp-embed.min.js
</script>

El periodo post Competición siempre sirve para la Formación en todos los campos. Hemos tenido la suerte de realizar un intensivo con Javier Martínez de Marigorta sobre «La Excelencia Personal» para utilizar las herramientas que permiten sacar el Máximo Rendimiento Personal y Deportivo a nuestros Porteros. Asistiendo de nuevo al Congreso Internacional de Villarreal con [&hellip;]
